2*z - 30. Let j be o(t). Give y(j).
-2
Suppose -30 = -8*t - 6. Let j be -6*2/4*(t - 1). Let x(g) = g + 7. What is x(j)?
1
Suppose -2*p + 156 = 4*j, 0*j - 4*p - 30 = -j. Let s = j + -44. Let z(y) = -y**2 - 6*y - 9. What is z(s)?
-9
Suppose 0 = 4*f + 4, 28 = -3*l - f - 3*f. Let g(x) = x + 4. Give g(l).
-4
Let t(z) be the first derivative of 3*z**2/2 + 3*z + 13. Let g(l) = -2*l - 4. Let i(k) = 4*g(k) + 3*t(k). What is i(0)?
-7
Let h(f) = -9*f + 1. Let a(g) = g**3 - 5*g**2 + 6*g - 6. Let z be a(4). Let p = 337 - 336. Suppose -p = -z*b - 3. Determine h(b).
10
Let i(r) be the first derivative of 29*r - 38*r + 2*r**2 + 14 - r**2. What is i(6)?
3
Let l(h) = 2*h + 3. Let c(p) = p**3 - 6*p**2 - 2*p + 3. Let s be c(6). Let t = s + 13. Suppose t*d = 4*u - d + 18, 6 = -4*u - d. Determine l(u).
-1
Let l(n) = -n**2 + 3*n - 3. Let b(h) = -h**3 - 6*h**2 + 4*h - 14. Let f be b(-7). Let r(o) = 2*o**2 - 7*o + 5. Let g(i) = f*l(i) + 4*r(i). Calculate g(6).
-7
Let i(r) = -r**2 + 5*r + 2. Let o be i(6). Let y(h) = 7*h - 15*h + 8*h + 0*h + h. Determine y(o).
-4
Let p(m) = 1 + 4*m**2 + m - 6*m**2 + 0 - m**3. Suppose -5*q - 36 = -6. Let z be q/(-5)*10/(-4). Calculate p(z).
7
Let t = -106 + 110. Let b(j) be the first derivative of 5 + 5/2*j**2 + 2*j - 1/3*j**3. What is b(t)?
6
Let u(d) = 13*d - 116. Let j be u(9). Let z(f) = -22*f**3 + f**2 - f + 1. What is z(j)?
-21
Let d(a) = -8*a - 3*a**2 + 2*a + 35 - 30. Determine d(-5).
-40
Let c(n) = -3*n + 3. Suppose 4*v = 5*h - 61, 14*v + 25 = 2*h + 13*v. Let z(m) = 2*m**2 + 3*m - 3. Let d be z(-4). Let u = h - d. Calculate c(u).
15
Suppose -5*x = -3*f + 64, 3*x - 4*f = 26 - 60. Let s(c) = c**2 + 12*c - 28. Determine s(x).
0
Let l(g) = -17*g + 470. Let n be l(29). Let o(u) = 3*u + 71. Give o(n).
2
Suppose 0 = 40*b - 38*b - 4. Let r(c) = -50 + c + 59 - 5*c**2 + 6*c**b. Determine r(0).
9
Let w(n) = -n**2 - 5*n - 8. Let k = -1 - -7. Let j(d) = d**2 + 5*d + 9. Let a(h) = k*w(h) + 5*j(h). Give a(-4).
1
Let w be (-1092)/13*-4*(-2)/12. Let z = 65 + w. Let t(s) = -s**3 + 10*s**2 - 9*s + 2. Give t(z).
2
Let g(j) = -j**3 - 8*j**2 + j + 8. Suppose -3*n = 2*n - 3*s - 83, -4 = 4*s. Suppose -n = -5*l + 4. Suppose r = -l - 4. What is g(r)?
0
Let o(a) = -a**2 + a + 4. Suppose 3*m + 2*m - 70 = 0. Suppose m = -5*w + 34. Calculate o(w).
-8
Let y(d) = d**2 - 5*d - 5. Let g(w) = -w**3 + 6*w - 3. Suppose -10*u = 31 - 1. Let q be g(u). Calculate y(q).
1
Let x(b) = 6*b**3 - 2*b + 11. Let m(g) = -4*g**3 + g - 7. Suppose 5*y - 2*u = 25, 0 = 5*y + 3*u - 11 - 14. Let r(j) = y*x(j) + 8*m(j). Determine r(-1).
3
Let w(d) = 29*d + 1. Let f(m) = 20*m + 1. Let j(p) = -6*f(p) + 4*w(p). Determine j(6).
-26
Let c(b) = 3 + 3*b + 4*b**2 - 11*b + 3*b. Let r(f) = -7*f**2 + 11*f - 7. Let n(m) = 5*c(m) + 3*r(m). Determine n(6).
6
Let f(l) be the first derivative of 2*l**3/3 + 5*l**2/2 + 3*l - 55. Give f(-4).
15
Let x(c) = 2 + 20*c + 5 + 3 - 19*c. Determine x(-6).
4
Suppose 0 = 5*t - 27 + 7. Let g(q) = -3*q**2 - 2*q**2 + 0*q**2 + t*q**2 - 4*q. Let b = 384 + -389. What is g(b)?
-5
Let r(t) be the second derivative of t**6/120 - 7*t**5/60 + t**4/4 - t**3 + 5*t**2/2 - 9*t. Let z(s) be the first derivative of r(s). Calculate z(6).
-6
Let u be (3 - (-1 + 4)) + 5. Suppose 5*r = -0*r + 50. Let t(g) = 0 - r + 7 - g + 4. Calculate t(u).
-4
Let w be (204/(-238))/(4/28). Let b(f) be the third derivative of f**5/60 + 5*f**4/24 + f**3/2 - 2*f**2. Determine b(w).
9
Suppose -5*d = -d - w + 27, 5*d + 31 = 4*w. Let k(c) = 6*c + 5. Calculate k(d).
-37
Let m(n) be the third derivative of 0*n**3 + 0*n**5 + 1/12*n**4 + 1/240*n**6 + 0*n + 6*n**2 + 0. Let g(a) be the second derivative of m(a). Determine g(2).
6
Let t(f) = -f**2 - 11*f - 13. Suppose 0 = 3*d - 4*h - 64, d - 2*d - 4*h = 0. Let z be (-4)/(d/36)*1. Give t(z).
5
Suppose -15*p + 70 = 25. Let i(z) = -4*z + 15. Let d be i(p). Let c(b) = b + 1. Determine c(d).
4
Suppose 0 = -d + 72 - 79. Let f(n) = -n**2 - 8*n - 7. Calculate f(d).
0
Suppose -5*f + 31 = 6. Suppose -f*r + 5 = -5. Suppose 5 = -4*l - 3*k - r, 4 = -3*l - k. Let n(m) = -16*m**2 + m + 1. Determine n(l).
-16
Let y(o) = -o**2 + 5*o - 2. Let m(l) = -l**2 + 21*l + 39. Let x be m(22). Suppose 0 = 4*i - w - x, i - 4*i = -2*w - 9. Determine y(i).
-2
Let s(n) = -4*n**2. Let j(p) = -p**2 - 2*p - 3. Let c be j(-3). Let y(f) be the first derivative of f**3/3 + 3*f**2 + f + 4. Let i be y(c). Determine s(i).
-4
Suppose 0 = w + 30*b - 27*b + 6, 4*w - 9 = -b. Let a(q) = q**2 - 2. Give a(w).
7
Let i(a) = 6*a + 4 - 3*a**2 - a**3 - a**2 + a**2. Let z(m) = m**2 - 70*m + 197. Let o be z(3). Determine i(o).
-4
Let h(p) = -594*p + 293*p + 296*p - 2. Give h(-2).
8
Let o(n) = -2*n + 4*n**3 - n**2 - 3*n**3 - 1 + 2. Let i be o(2). Let x(h) = -2*h**2 + 1. What is x(i)?
-1
Let r(w) be the second derivative of w**4/12 - 2*w**3/3 + 3*w**2/2 + 3*w + 26. What is r(2)?
-1
Suppose -4*y - 4*n + 5 + 7 = 0, 11 = 5*y + 3*n. Let m(r) = 36*r**3. Determine m(y).
36
Let z be 3 + 4 + (-8)/2. Suppose 2*j - 8 = -3*g, -4 = -g + z*g. Let a(w) = 0 + 2 - w**3 + 3*w**2 + 1 - 2*w + j*w. What is a(4)?
7
Suppose -5*a + 3*a + 2*x = -20, -5*a - 4*x = -32. Let n(z) = 1 - 1 - 2*z + a + 1. Let c be (0 - -7)*(1 - 0). Give n(c).
-5
Let s(n) = -2*n**2 - 6*n + 4. Let j be s(-4). Let r(a) be the first derivative of -a**3/3 - 3*a**2 - 5*a - 31. Calculate r(j).
3
Suppose -y + 1 = -m, -4 = -5*y + 2*m - 2. Suppose y = 2*n - 3*s - 28, 4 = n - 2*s - 10. Let w be ((-6)/4)/(7/n). Let j(f) = -f**2 - 3*f + 1. What is j(w)?
1
Let d(i) be the third derivative of -i**5/60 - 11*i**4/24 - i**3/2 - 8*i**2 - 6. Calculate d(-6).
27
Let h(x) = -19*x + 1. Let g(k) = k**2 - 2*k - 2. Let b be g(0). Let p(v) = 20*v - 1. Let m(z) = b*p(z) - 3*h(z). What is m(1)?
16
Let y(g) = -g**3 - 5*g**2 - g + 6. Let f be y(-6). Let n(d) = -96*d**2 + 2 - 2*d**3 + 45*d**2 + f*d**2 + d. Give n(-2).
4
Let x(n) be the first derivative of n**5/20 + n**4/3 - n**3 + 3*n**2/2 + 3*n + 14. Let t(p) be the first derivative of x(p). What is t(-5)?
8
Suppose -6 = 4*i + 2, -14 = -5*f - 3*i. Let h be ((-20)/(-25))/(f/10). Let d(u) = -u + u**2 + 66 - 11 - u**3 - 20 - 18 - 19. Determine d(h).
-8
Let u(g) = g**2 + 4*g + 2. Suppose -4*k + 2 = h, -5*h - 5*k + 19 = -6. Suppose -h*q - 12 = 18. Calculate u(q).
7
Let a(o) be the third derivative of o**5/30 - 19*o**4/24 + 29*o**3/6 - 345*o**2 + 1. What is a(7)?
-6
Let c(j) = j**3 - 3*j**2 - j - 6. Suppose q - 165 + 161 = 0. What is c(q)?
6
Let r be ((-3)/(-15)*2)/(3/(-90)). Let x be (-86)/(-12) - 3 - (-2)/r. Let m(k) = -k + 3. What is m(x)?
-1
Let d(x) be the third derivative of x**4/24 + x**3/6 - 14*x**2. Suppose 20 = -5*h + 9*h. What is d(h)?
6
Let m(s) = -6*s - 3. Let b = 1838 + -1836. What is m(b)?
-15
Suppose 0 = h + h + 46. Let z be 22*(1/1 + -2). Let m = z - h. Let g(r) = -12*r. What is g(m)?
-12
Let m(i) = 3*i - 8. Suppose 30*l = 26*l + 16. Calculate m(l).
4
Let u(j) = 51*j - 18*j - 17*j + 18 - 18*j. What is u(8)?
2
Let c(d) = -2*d. Let r(x) = 6*x + 91. Let f be r(-16). Let j(z) be the third derivative of z**4/24 - z**2. Let a(v) = f*j(v) - c(v). Determine a(3).
-9
Let w(x) = x**2 - 5*x - 3. Suppose -9*d + 108 = -6*d. Suppose d - 3 = 3*f. Let u = 16 - f. Determine w(u).
-3
Suppose 12*p - 11 = 49. Let o(j) = 2*j - 3. Give o(p).
7
Let k(l) = -3*l**2 - 2*l - 3. Suppose -6*t + t - 5*b = 10, -6 = 3*t + b. Calculate k(t).
-11
Let i(m) = m - 3. Let c(j) = -j**3 + 12*j**2 + 13*j - 2. Let n be c(13). Let u = n - -7. Determine i(u).
2
Let g(n) = 391 + 15*n + 0*n - n**2 + 386 - 782. Calculate g(15).
-5
Suppose -4*r - 14 = 2*m, -r - 2 = -m - 0. Let g(l) = 460 + 460 - 921 - 9*l. Calculate g(m).
8
Let s(w) = -3*w**3 - 37*w**2 - 12*w. Let d be s(-12). Let i(b) be the second derivative of b**4/12 - 3*b**2/2 - 9*b. Calculate i(d).
-3
Suppose 2*a + 10 = 0, -22*a = 5*l - 27*a - 60. Let j(u) = u. Let p(k) = 6*k - 3. Let q(h) = 15*j(h) - 3*p(h). Determine q(l).
-12
Suppose 3*g + 15 - 82 = -4*s, -101 = -5*g + 4*s. Let d(q) = q**3 - 21*q**2 - q + 12. What is d(g)?
-9
Let x(v) be the third derivative of v**5/60 + 7*v**4/24 - 7*v**3/6 - 7*v**2 - 6. Give x(-6).
-13
Let y(d) = d**3 + 7*d**2 + 5*d + 31. Let c be y(-7). Let t(l) be the first derivative of -l**4/4 - 4*l**3/3 + 3*l**2/2 + 2*l - 1. What is t(c)?
-10
Let k(r) = 2*r**2 - 4*r. Let v be k(3). Let q(x) be th